{"id":26,"date":"2020-11-16T11:54:01","date_gmt":"2020-11-16T11:54:01","guid":{"rendered":"https:\/\/dfscentergrup.ro\/dev\/?page_id=26"},"modified":"2022-01-25T16:09:20","modified_gmt":"2022-01-25T16:09:20","slug":"articole-de-presa","status":"publish","type":"page","link":"https:\/\/dfscentergrup.ro\/dev\/articole-de-presa\/","title":{"rendered":"Articole de presa"},"content":{"rendered":"<h2 class=\"press-title\">Despre noi, \u00een pres\u0103:<\/h2>\n<div class=\"break\"><\/div>\n<div class=\"aw-press-articles\">\n<div class=\"press-article-item\"><img decoding=\"async\" src=\"\/dev\/wp-content\/uploads\/2020\/11\/press-1.png\" alt=\"press articles logo\" \/><\/p>\n<p class=\"press-article-date\">02 OCTOMBRIE 2020<\/p>\n<p class=\"press-article-title\">Revista Igloo<\/p>\n<p class=\"press-article-descr\">DFS Center Grup: locuri de joac\u0103 la cheie \u0219i solu\u021bii complete, de la consultan\u021b\u0103 la mentenan\u021b\u0103 post-garan\u021bie.<\/p>\n<p><a class=\"press-article-link\" href=\"https:\/\/www.igloo.ro\/dfs-center-grup-locuri-de-joaca-la-cheie-si-solutii-complete-de-la-consultanta-la-mentenanta-post-garantie\/\" target=\"_blank\" rel=\"noopener noreferrer\">cite\u0219te articolul<\/a><\/p>\n<\/div>\n<div class=\"press-article-item\"><img decoding=\"async\" src=\"\/dev\/wp-content\/uploads\/2020\/11\/press-2.png\" alt=\"press articles logo\" \/><\/p>\n<p class=\"press-article-date\">06 NOIEMBRIE 2020<\/p>\n<p class=\"press-article-title\">Revista Construc\u021biilor<\/p>\n<p class=\"press-article-descr\">DFS CENTER GRUP \u2013 Partener de \u00eencredere \u00een producerea \u0219i comercializarea echipamentelor de joac\u0103 pentru copii.<\/p>\n<p><a class=\"press-article-link\" href=\"https:\/\/www.revistaconstructiilor.eu\/index.php\/2020\/11\/01\/dfs-center-grup-partener-de-incredere-in-producerea-si-comercializarea-echipamentelor-de-joaca-pentru-copii\" target=\"_blank\" rel=\"noopener noreferrer\">cite\u0219te articolul<\/a>\n<\/div>\n<div class=\"press-article-item\"><img decoding=\"async\" class=\"zeppelin-art\" src=\"https:\/\/dfscentergrup.ro\/dev\/wp-content\/uploads\/2021\/09\/logo_zeppelin.png\" alt=\"press articles logo\" \/><\/p>\n<p class=\"press-article-date\">01 IULIE 2021<\/p>\n<p class=\"press-article-title\">Zeppelin<\/p>\n<p class=\"press-article-descr\">Viitorul e aici. DFS Center Grup: Spa\u0163ii smart de joac\u0103 \u00eentr-un context tech-driven.<br \/><\/br>\n<\/p>\n<p><a class=\"press-article-link\" href=\"https:\/\/e-zeppelin.ro\/viitorul-e-aici-dfs-center-grup-spatii-smart-de-joaca-intr-un-context-tech-driven\/\" target=\"_blank\" rel=\"noopener noreferrer\">cite\u0219te articolul<\/a>\n<\/div>\n<\/div>\n<div class=\"aw-press-articles video\">\n<div class=\"press-article-item bani_in_miscare_item\">\n<img decoding=\"async\" class=\"bani_in_miscare\" src=\"https:\/\/dfscentergrup.ro\/dev\/wp-content\/uploads\/2022\/01\/aD1lZDE5NzIwOTYyZWJmODZlMDRhYTIxMTM1MTMxNmViMQ.thumb-2.jpg\" alt=\"press articles logo\" \/><\/p>\n<p class=\"press-article-date\">05 IANUARIE 2022<\/p>\n<p class=\"press-article-title\">Banii \u00een mi\u0219care<\/p>\n<p><a class=\"press-article-link\" href=\"https:\/\/www.youtube.com\/watch?v=E6_sWmKKy7Q\" target=\"_blank\" rel=\"noopener noreferrer\">Vizualizeaz\u0103 interviu<\/a><\/p>\n<\/div>\n<\/div>\n","protected":false},"excerpt":{"rendered":"<p>Despre noi, \u00een pres\u0103: 02 OCTOMBRIE 2020 Revista Igloo DFS Center Grup: locuri de joac\u0103 la cheie \u0219i solu\u021bii complete, de la consultan\u021b\u0103 la mentenan\u021b\u0103 post-garan\u021bie. cite\u0219te articolul 06 NOIEMBRIE 2020 Revista Construc\u021biilor DFS CENTER GRUP \u2013 Partener de \u00eencredere \u00een producerea \u0219i comercializarea echipamentelor de joac\u0103 pentru copii. cite\u0219te articolul 01 IULIE 2021 Zeppelin [&hellip;]<\/p>\n","protected":false},"author":1,"featured_media":0,"parent":0,"menu_order":7,"comment_status":"closed","ping_status":"closed","template":"page-custom-press.php","meta":{"footnotes":""},"_links":{"self":[{"href":"https:\/\/dfscentergrup.ro\/dev\/wp-json\/wp\/v2\/pages\/26"}],"collection":[{"href":"https:\/\/dfscentergrup.ro\/dev\/wp-json\/wp\/v2\/pages"}],"about":[{"href":"https:\/\/dfscentergrup.ro\/dev\/wp-json\/wp\/v2\/types\/page"}],"author":[{"embeddable":true,"href":"https:\/\/dfscentergrup.ro\/dev\/wp-json\/wp\/v2\/users\/1"}],"replies":[{"embeddable":true,"href":"https:\/\/dfscentergrup.ro\/dev\/wp-json\/wp\/v2\/comments?post=26"}],"version-history":[{"count":49,"href":"https:\/\/dfscentergrup.ro\/dev\/wp-json\/wp\/v2\/pages\/26\/revisions"}],"predecessor-version":[{"id":2958,"href":"https:\/\/dfscentergrup.ro\/dev\/wp-json\/wp\/v2\/pages\/26\/revisions\/2958"}],"wp:attachment":[{"href":"https:\/\/dfscentergrup.ro\/dev\/wp-json\/wp\/v2\/media?parent=26"}],"curies":[{"name":"wp","href":"https:\/\/api.w.org\/{rel}","templated":true}]}}