{"id":2371,"date":"2021-07-30T11:33:26","date_gmt":"2021-07-30T11:33:26","guid":{"rendered":"https:\/\/dfscentergrup.ro\/dev\/?page_id=2371"},"modified":"2021-07-30T11:42:15","modified_gmt":"2021-07-30T11:42:15","slug":"termeni-si-conditii","status":"publish","type":"page","link":"https:\/\/dfscentergrup.ro\/dev\/termeni-si-conditii\/","title":{"rendered":"Termenii \u0219i condi\u021biile"},"content":{"rendered":"<div class=\"container-gdpr\">\n<h1>\nTermeni \u0219i condi\u021bii<\/h1>\n<p>Acest site este in concordanta cu <a href=\"https:\/\/eur-lex.europa.eu\/legal-content\/RO\/TXT\/?uri=CELEX%253A32016R0679\">Regulamentul 2016\/679\/UE privind protectia persoanelor fizice in ceea ce priveste prelucrarea datelor cu caracter personal.<\/a> In aceasta pagina puteti gasi detaliile complete cu privire la interactionarea cu acest site si datele prelucrate in urma utilizarii acestui site.<span class=\"Apple-converted-space\">&nbsp;<\/span><\/p>\n<p>Acest site foloseste Cookies pentru a putea functiona. Navigarea ta pe acest site reprezinta acordul tau cu privire la acest aspect.<\/p>\n<p>Fisierele Cookies legate de activitatea ta pe site sunt stocate de browser timp de 30 de zile. Poti alege sa stergi fisierele cookies browserului tau. Detalii complete in Politica de Cookies.<\/p>\n<p>&nbsp;<\/p>\n<p>NAVIGAREA PE SITE<\/p>\n<p>Utilizarea si navigarea pe acest site implica acordul tau cu privire la Politica de Utilizare a Site-ului&nbsp; (dfscentergrup.ro\/politica-utilizare)<\/p>\n<p>FORMULARE<\/p>\n<p>Prin formularea unei solicitari de oferta din acest site, iti dai acordul sa stocam datele tale personale: Nume, Prenume, Telefon, Adresa de Email. Datele tale sunt folosite strict pentru a te putea contacta si a-ti trimite oferta serviciilor noastre. Nu oferim altor terti datele tale personale. Datele sunt stocate pentru 365 zile. Poti oricand verifica datele tale stocate de noi si poti solicita stergerea lor printr-o solicitare la adresa de mail : <a href=\"mailto:office@dfscentergrup.ro\">office@dfscentergrup.ro<\/a><\/p>\n<p>DREPTURILE TALE<\/p>\n<p>Conform Regulamentului 2016\/679\/UE, ai urmatoarele drepturi cu privire la datele tale personale:<\/p>\n<ul>\n<li>Dreptul la informare<\/li>\n<li>Dreptul de acces la date<\/li>\n<li>Dreptul la rectificare<\/li>\n<li>Dreptul la \u0219tergere (dreptul de a fi uitat)<\/li>\n<li>Dreptul la restric\u021bionarea prelucr\u0103rii<\/li>\n<li>Dreptul la portabilitatea datelor catre alt operator<\/li>\n<li>Dreptul la opozi\u021bie<\/li>\n<li>Dreptul de a nu face obiectul unei decizii bazate exclusiv pe prelucrarea automat\u0103.<\/li>\n<\/ul>\n<p>Detalii complete despre aceste drepturi poti gasi in <a href=\"https:\/\/eur-lex.europa.eu\/legal-content\/RO\/TXT\/?uri=CELEX%253A32016R0679\">Regulamentului 2016\/679\/UE<\/a>.<\/p>\n<p>EXERCITAREA DREPTURILOR TALE<\/p>\n<p>Pentru a-ti exercita oricare dintre drepturile tale cu privire la datele personale stocate de acest site, te rugam sa trimiti o solicitare in acest sens pe adresa de mail <a href=\"mailto:office@dfscentergrup.ro\">office@dfscentergrup.ro<\/a><\/p>\n<p>TEMEI JURIDIC<\/p>\n<p>Regulamentul (UE) 2016\/679 al Parlamentului European \u0219i al Consiliului din 27 aprilie 2016 privind protec\u021bia persoanelor fizice \u00een ceea ce prive\u0219te prelucrarea datelor cu caracter personal \u0219i privind libera circula\u021bie a acestor date \u0219i de abrogare a Directivei 95\/46\/CE<\/p>\n<p>&nbsp;<\/p>\n<p>AUTORITATEA DE SUPRAVEGHERE<\/p>\n<p>Autoritatea Na\u0163ional\u0103 de Supraveghere a Prelucr\u0103rii Datelor cu Caracter Personal<\/p>\n<p>Pentru a contacta ANSPDCP gasiti datele de contact pe site-ul autoritatii: <a href=\"https:\/\/www.dataprotection.ro\/\">https:\/\/www.dataprotection.ro<\/a><\/p>\n<p>POLITICA DE COOKIES<\/p>\n<ol>\n<li>Aceste reguli se refera la utilizarea cookie-urilor pe site-ul https:\/\/dfscentergrup.ro<span class=\"Apple-converted-space\">&nbsp;<\/span><\/li>\n<li>Cookie-ul este un fisier de mici dimensiuni, format din litere \u0219i numere, care va fi stocat pe computerul, terminalul mobil sau alte echipamente ale unui utilizator de pe care se acceseaz\u0103 internetul. Cookie-ul este instalat prin solicitarea emis\u0103 de c\u0103tre un web-server unui browser (ex: Internet Explorer, Chrome. Firefox) \u0219i este complet pasiv (NU con\u021bine programe software, viru\u0219i sau spyware \u0219i nu poate accesa informa\u021biile de pe hard driverul utilizatorului sau alte informa\u021bii confiden\u021biale).<\/li>\n<li>Cookie-urile fac posibila recunoasterea terminalului utilizatorului si prezentarea continutului intr-un mod relevant, adaptat preferin\u021belor utilizatorului. Aceste fisiere de mici dimensiuni, asigura utilizatorilor o experienta placuta de navigare si vin in completarea activitatilor <a href=\"https:\/\/dfscentergrup.ro\/\">https:\/\/dfscentergrup.ro<\/a> pentru a oferi servicii de calitate, comfortabile utilizatorilor, de exemplu: cosul de cumparaturi, preferin\u021bele in materie de confidentialitate online sau publicitate relevanta. Aceste cookie-uri sunt folosite pentru a memora numele utilizatorilor, parolele \u0219i preferin\u021bele, pentru a monitoriza parcursuri pe site \u0219i pentru a personaliza paginile in functie de vizitator. In structura fiecarui browser Internet exista optiunea de a sterge \u201ccookies\u201d de pe hard-drive, de a bloca primirea de \u201ccookies\u201d sau de a primi un mesaj in momentul in care un \u201ccookie\u201d este stocat in calculatorul dumneavoastra.<span class=\"Apple-converted-space\">&nbsp;<\/span><\/li>\n<\/ol>\n<p>In momentul in care dumneavoastra va dati acceptul pentru stocarea cookie-urilor, <a href=\"https:\/\/dfscentergrup.ro\/\">https:\/\/dfscentergrup.ro<\/a> va folosi aceste cookie-uri pentru a va asigura o navigare mai placuta pe site-ul nostru, pentru a va memora cosul de cumparaturi, parolele si IP-ul ca date de trafic sau pentru orice alta activitate de sustinere a unei experiente placute pentru vizitatorii&nbsp;<a href=\"https:\/\/dfscentergrup.ro\/\">https:\/\/dfscentergrup.ro<\/a>.<\/p>\n<ol>\n<li>Cookie-urile in sine nu solicita informatii cu caracter personal pentru a putea fi utilizate si, in cele mai multe cazuri, nu identifica personal utilizatorii de internet. Datele personale colectate prin utilizarea cookie-urilor pot fi colectate doar pentru a facilita anumite functionalitati pentru utilizator. Aceste date sunt criptate intr-un mod care face imposibil accesul persoanelor neautorizate la ele sau care nu au permisiune din partea expresa a administratorilor site-ului <a href=\"https:\/\/dfscentergrup.ro\/\">https:\/\/dfscentergrup.ro<\/a>.<\/li>\n<li>O aplicatie folosita pentru accesarea paginilor web permite salvarea Cookie-urilor pe terminal in mod implicit. Aceste setari pot fi schimbate in asa fel incat administrarea automata a Cookie-urilor sa fie blocata de browser-ul web sau utilizatorul sa fie informat de fiecare data cand Cookie-uri sunt trimise catre terminalul sau (daca se doreste acest lucru). Informa\u021bii detaliate despre posibilitatile \u0219i modurile de administrare a Cookie-urilor pot fi gasite in zona de setari a aplicatiei (browser-ului web).<span class=\"Apple-converted-space\">&nbsp;<\/span><\/li>\n<\/ol>\n<p>ALTE INFORMATII ANONIME PE CARE LE COLETAM<\/p>\n<p>Odata cu preluarea cookie-urilor, automat colectam si alte informatii anonime care au legatura cu dvs si cu comportamentul dvs in spatiul exclusive online, cum ar fi:<\/p>\n<ul>\n<li>Adresa IP;<\/li>\n<li>Tara, precum si serverul la care este conectat computerul sau telefonul mobil al persoanei respective;<\/li>\n<li>Adresa website-ului care a facut transferul catre website-ul nostru;<\/li>\n<li>Aplicatii folosite;<\/li>\n<li>Plug-in-uri utilizate;<\/li>\n<li>Anumite informatii demografice;<\/li>\n<li>ID-ul cosului de cumparaturi, impreuna cu un COD de sesiune;<\/li>\n<li>Numele dvs de utilizator si parola, criptate;<\/li>\n<li>Pentru website-ul nostru, colectam preferintele dvs de cumparare si accesarile \/ comportamentul pe site-ul nostru;<\/li>\n<li>Anumite configurari JAVA si a cookie-urilor;<\/li>\n<li>Sistemul de operare, tipul de browser si device-ul electronic utlizat la momentul accesarii website-ului nostru.<\/li>\n<\/ul>\n<p>&nbsp;<\/p>\n<p>Pentru a opri \/ dezactiva cookie-urile, urm\u0103toarele linkuri pot fi folositoare:<\/p>\n<ul>\n<li><a href=\"https:\/\/support.google.com\/chrome\/answer\/95647?hl=en\">Google Chrome<\/a><\/li>\n<li><a href=\"https:\/\/support.microsoft.com\/en-us\/kb\/260971\">Internet Explorer<\/a><\/li>\n<li><a href=\"https:\/\/support.mozilla.org\/en-US\/kb\/cookies-information-websites-store-on-your-computer\">Mozilla Firefox<\/a><\/li>\n<li><a href=\"https:\/\/support.apple.com\/kb\/PH5042?locale=en_US\">Safari (Desktop)<\/a><\/li>\n<li><a href=\"https:\/\/support.apple.com\/en-us\/HT201265\">Safari (Mobile)<\/a><\/li>\n<li><a href=\"https:\/\/support.google.com\/ics\/nexus\/bin\/answer.py?hl=en&amp;answer=2425067\">Android Browser<\/a><\/li>\n<li><a href=\"https:\/\/www.opera.com\/help\">Opera<\/a><\/li>\n<li><a href=\"https:\/\/www.opera.com\/help\/mobile\/android%23privacy\">Opera Mobile<\/a><\/li>\n<\/ul>\n<p>&nbsp;<\/p>\n<p>Pentru orice \u00eentreb\u0103ri suplimentare cu privire la modul \u00een care sunt utilizate cookie-urile prin intermediul acestei pagini de internet, v\u0103 rug\u0103m s\u0103 v\u0103 adresa\u021bi la:&nbsp;<a href=\"mailto:office@dfscentergrup.ro\">office@dfscentergrup.ro<\/a><\/p>\n<p>POLITICA DE UTILIZARE A SITE-ULUI<\/p>\n<p>Datele pe care ni le furnizezi prin email sau telefon vor fi considerate confidentiale de catre <a href=\"https:\/\/dfscentergrup.ro\/\">https:\/\/dfscentergrup.ro<\/a> si nu vor fi divulgate niciunui tert pentru alte folosinte.<\/p>\n<p>Numele, numarul de telefon, adresa de email, adresa postala si alte date oferite pentru finalizarea diverselor actiuni pe site-ul <a href=\"https:\/\/dfscentergrup.ro\/\">https:\/\/dfscentergrup.ro<\/a>, vor ramane strict in interiorul firmei SC DFS Center Grup&nbsp;SRL Pitesti.<\/p>\n<p>Toate aceste detalii sunt utilizate in spatiul online pentru clarificare si pentru ca lucrurile sa poata fi finalizate cu succes, de ambele parti.<\/p>\n<\/p><\/div>\n","protected":false},"excerpt":{"rendered":"<p>Termeni \u0219i condi\u021bii Acest site este in concordanta cu Regulamentul 2016\/679\/UE privind protectia persoanelor fizice in ceea ce priveste prelucrarea datelor cu caracter personal. In aceasta pagina puteti gasi detaliile complete cu privire la interactionarea cu acest site si datele prelucrate in urma utilizarii acestui site.&nbsp; Acest site foloseste Cookies pentru a putea functiona. Navigarea [&hellip;]<\/p>\n","protected":false},"author":1,"featured_media":0,"parent":0,"menu_order":0,"comment_status":"closed","ping_status":"closed","template":"","meta":{"footnotes":""},"_links":{"self":[{"href":"https:\/\/dfscentergrup.ro\/dev\/wp-json\/wp\/v2\/pages\/2371"}],"collection":[{"href":"https:\/\/dfscentergrup.ro\/dev\/wp-json\/wp\/v2\/pages"}],"about":[{"href":"https:\/\/dfscentergrup.ro\/dev\/wp-json\/wp\/v2\/types\/page"}],"author":[{"embeddable":true,"href":"https:\/\/dfscentergrup.ro\/dev\/wp-json\/wp\/v2\/users\/1"}],"replies":[{"embeddable":true,"href":"https:\/\/dfscentergrup.ro\/dev\/wp-json\/wp\/v2\/comments?post=2371"}],"version-history":[{"count":5,"href":"https:\/\/dfscentergrup.ro\/dev\/wp-json\/wp\/v2\/pages\/2371\/revisions"}],"predecessor-version":[{"id":2381,"href":"https:\/\/dfscentergrup.ro\/dev\/wp-json\/wp\/v2\/pages\/2371\/revisions\/2381"}],"wp:attachment":[{"href":"https:\/\/dfscentergrup.ro\/dev\/wp-json\/wp\/v2\/media?parent=2371"}],"curies":[{"name":"wp","href":"https:\/\/api.w.org\/{rel}","templated":true}]}}