{"id":22,"date":"2020-11-16T11:53:28","date_gmt":"2020-11-16T11:53:28","guid":{"rendered":"https:\/\/dfscentergrup.ro\/dev\/?page_id=22"},"modified":"2023-10-30T14:04:00","modified_gmt":"2023-10-30T14:04:00","slug":"sport-si-agrement","status":"publish","type":"page","link":"https:\/\/dfscentergrup.ro\/dev\/sport-si-agrement\/","title":{"rendered":"Sport si agrement"},"content":{"rendered":"<div class=\"sport-top-section\">\n<div class=\"left-sport-top\">\n<h2>Sport \u0219i Agrement<\/h2>\n<p>Cu mic, cu mare, cu to\u021bii avem nevoie de sport \u00een via\u021b\u0103 noastr\u0103. O plimbare relaxant\u0103 \u00een parc poate deveni energizant\u0103 \u0219i antrenant\u0103 cu o sesiune intens\u0103 de fitness, un joc de fotbal, tenis de mas\u0103, baschet sau \u0219ah. Iar pentru iubitorii animalelor de companie joaca poate deveni o provocare amuzant\u0103, antren\u00e2nd inteligen\u021ba \u0219i agilitatea prietenilor necuv\u00e2nt\u0103tori cu diversele echipamente de joac\u0103 pe care le oferim.<\/p>\n<div class=\"bottom-left-sport-top\">\n<h3>SPORTUL ESTE RUG\u0102CIUNEA SUFLETULUI<\/h3>\n<p>&#8211; Salvador Dali<\/p>\n<\/div>\n<\/div>\n<div class=\"right-sport-top\"><img decoding=\"async\" src=\"https:\/\/dfscentergrup.ro\/dev\/wp-content\/uploads\/2021\/03\/Layer-1828.jpg\"><\/div>\n<\/div>\n<div class=\"sport-middle-section\">\n<div class=\"row-middle-section\">\n<div class=\"col-middle-section\"><a href=\"https:\/\/dfscentergrup.ro\/dev\/produse\/echipamente-fitness\/\"><img decoding=\"async\" src=\"https:\/\/dfscentergrup.ro\/dev\/wp-content\/uploads\/2021\/03\/Layer-1784.jpg\">&nbsp;<\/a>&nbsp;<\/p>\n<h3>Echipamente de fitness<\/h3>\n<p>&nbsp;<\/p>\n<\/div>\n<div class=\"col-middle-section\"><a href=\"https:\/\/dfscentergrup.ro\/dev\/produse\/trasee-gimanstica\/\"><img decoding=\"async\" src=\"https:\/\/dfscentergrup.ro\/dev\/wp-content\/uploads\/2021\/03\/Layer-1783.jpg\">&nbsp;&nbsp;<\/p>\n<h3>Trasee gimanstica<\/h3>\n<p><\/a><\/div>\n<\/div>\n<div class=\"row-middle-section\">\n<div class=\"col-middle-section\"><a href=\"https:\/\/dfscentergrup.ro\/dev\/produse\/echipamente-sportive\/\"><img decoding=\"async\" src=\"https:\/\/dfscentergrup.ro\/dev\/wp-content\/uploads\/2021\/03\/Echipamente-sportive.jpg\">&nbsp;<\/a>&nbsp;<\/p>\n<h3>Echipamente Sportive<\/h3>\n<p>&nbsp;<\/p>\n<\/div>\n<\/div>\n<\/div>\n","protected":false},"excerpt":{"rendered":"<p>Sport \u0219i Agrement Cu mic, cu mare, cu to\u021bii avem nevoie de sport \u00een via\u021b\u0103 noastr\u0103. O plimbare relaxant\u0103 \u00een parc poate deveni energizant\u0103 \u0219i antrenant\u0103 cu o sesiune intens\u0103 de fitness, un joc de fotbal, tenis de mas\u0103, baschet sau \u0219ah. Iar pentru iubitorii animalelor de companie joaca poate deveni o provocare amuzant\u0103, antren\u00e2nd [&hellip;]<\/p>\n","protected":false},"author":1,"featured_media":0,"parent":0,"menu_order":5,"comment_status":"closed","ping_status":"closed","template":"page-custom-sport.php","meta":{"footnotes":""},"_links":{"self":[{"href":"https:\/\/dfscentergrup.ro\/dev\/wp-json\/wp\/v2\/pages\/22"}],"collection":[{"href":"https:\/\/dfscentergrup.ro\/dev\/wp-json\/wp\/v2\/pages"}],"about":[{"href":"https:\/\/dfscentergrup.ro\/dev\/wp-json\/wp\/v2\/types\/page"}],"author":[{"embeddable":true,"href":"https:\/\/dfscentergrup.ro\/dev\/wp-json\/wp\/v2\/users\/1"}],"replies":[{"embeddable":true,"href":"https:\/\/dfscentergrup.ro\/dev\/wp-json\/wp\/v2\/comments?post=22"}],"version-history":[{"count":11,"href":"https:\/\/dfscentergrup.ro\/dev\/wp-json\/wp\/v2\/pages\/22\/revisions"}],"predecessor-version":[{"id":3307,"href":"https:\/\/dfscentergrup.ro\/dev\/wp-json\/wp\/v2\/pages\/22\/revisions\/3307"}],"wp:attachment":[{"href":"https:\/\/dfscentergrup.ro\/dev\/wp-json\/wp\/v2\/media?parent=22"}],"curies":[{"name":"wp","href":"https:\/\/api.w.org\/{rel}","templated":true}]}}